 + 22*o + 10*o**2. What is the tens digit of v(4)?
5
Suppose -5*h + 7 + 3 = -5*s, 2*s + 12 = 4*h. Suppose 47 = a + h*j, -31 = -3*a + 5*j + 110. What is the tens digit of a?
4
Let v(a) = a**3 + a**2 - 4*a + 3. Let n be v(-3). What is the tens digit of (4 + -4 + 1/n)*-165?
5
Suppose 4*u + 2*x = 2896, x = 3*u - 4*x - 2198. What is the hundreds digit of u?
7
What is the units digit of 1/(-4) + (-9)/((-252)/73675)?
1
Let r = 854 + 390. What is the hundreds digit of r?
2
Let n(k) = -3*k**3 - 11*k**2 - 5*k + 17. Let b be n(-7). Let r = b + -286. What is the tens digit of r?
5
Let k be (29/(-2))/((-20)/(-40)). What is the tens digit of k*((-4 - -5) + -6)?
4
What is the hundreds digit of -244*((-3)/18)/((-6)/(-99))?
6
Suppose -82*m + 56951 = -153297. What is the units digit of m?
4
Let r(j) = 20*j. Let a = -17 + 20. Let m be r(a). Suppose v + 5*v = m. What is the tens digit of v?
1
Let s(u) = -2*u**2 + 38*u + 59. What is the tens digit of s(17)?
2
What is the thousands digit of (-1)/((-2)/24)*(-4205)/(-20)?
2
Suppose 4*z + 22 = u, -5*z = 2*u - 4*z - 8. What is the tens digit of (-24)/((-1)/16*u)?
6
Suppose 4*s = 13 - 5. Let x be s/12 + 1125/54. Suppose -12*p + x = -9*p. What is the units digit of p?
7
Let w be 711/6 + (-6)/12. Suppose -3*k - 2*g + w = 0, 3 = 2*g - 1. What is the units digit of k?
8
Let s(t) = 12*t**2 + 4*t + 21. What is the hundreds digit of s(10)?
2
Suppose -472*o + 473*o - 2408 = 0. What is the tens digit of o?
0
Suppose 3*k - 5*z - 41 = 0, 2*k - 4*z + 5 - 35 = 0. Suppose 6*f = k*f - 126. What is the units digit of f?
6
What is the units digit of 14/(1/(-160)*-4)?
0
Suppose h = -3*b + 3818, 4*b - 5*h = 4340 + 738. What is the units digit of (-2)/(-5) + -4 + b/20?
0
Suppose 5*x - 18 = 7. Suppose 3*l - 3*k = 57, 4*k - 11 - x = 0. What is the units digit of l?
3
Let j be 3*197/3 + 0/(-2). Let o = -141 + j. What is the units digit of o?
6
Let s(v) = -v**2 + 5*v + 14. Let m be s(7). Suppose m = 2*f + 4*l - 58, 3*l = f + f - 72. What is the units digit of f/2 + 19/(-38)?
6
Let w = -1 - -5. Suppose x - 170 = -w*x. Suppose 0*g = 2*g - x. What is the units digit of g?
7
What is the hundreds digit of (-4 - 2) + 1520 - 5?
5
Let s(k) = -7*k**3 + 3*k**2 + 6*k + 7. Let w(j) = 16*j**3 - 6*j**2 - 13*j - 14. Let m(n) = -13*s(n) - 6*w(n). What is the units digit of m(-3)?
1
Let x(k) = -k**3 - 6*k**2 + 7*k - 5. Let p be x(-7). Let g be 1/p + 21/5. Suppose -2*i = g*o - i - 49, -16 = -o + i. What is the units digit of o?
3
Suppose 8*l = 5*l + 42. Let q be (-1708)/112 - (-1 - 7/(-4)). What is the units digit of 8/l*(-56)/q?
2
Let a(v) = -v + 1. Let o(f) = -9*f**2 + 8*f + 8. Let i(t) = -3*a(t) - o(t). Let p be i(5). Suppose -4*d = -83 - p. What is the units digit of d?
8
Suppose 0 = 20*c - 693 - 5607. What is the units digit of c?
5
Let u(x) = 2*x**2 - 60*x - 48. What is the units digit of u(-21)?
4
Let j(w) = -1021*w + 48. What is the units digit of j(-2)?
0
Suppose 5*c + d - 11565 = c, 4*c - 4*d - 11540 = 0. What is the thousands digit of c?
2
Let x(z) = 83*z - 42. What is the hundreds digit of x(7)?
5
Let h be (1 + (-251)/5)*(-10)/3. Let d = h - 111. What is the units digit of d?
3
Suppose 0 = -2*k - 3*b + 4*b + 75, 4*b = 2*k - 72. Suppose 3*j - k - 94 = 0. What is the units digit of j?
4
Let p(d) = -144*d**2 + 3*d + 1. Let c be p(-1). Let a = -30 - c. What is the tens digit of a?
1
Suppose 3*q - h = 6, 1 = -4*q - h + 16. Suppose -q*j + 165 + 21 = 0. What is the units digit of j?
2
Let z = 53 + -30. Suppose 5*w = 5*i + 5, -3*w = -5*i - 0*w - 3. Suppose i*r - z = -r. What is the units digit of r?
3
Suppose 16*r - 18*r = -4. Let j = -2 + 3. Suppose j = r*t - 15. What is the units digit of t?
8
Let i be 5/4 - ((-15)/(-20))/(-1). Suppose 5*n - 66 = 4*w - 5*w, -w - i*n + 66 = 0. What is the units digit of w?
6
Let u = 74 + -69. Suppose -11*s + 342 = -u*s. What is the tens digit of s?
5
Let y = 1492 + -1034. What is the units digit of y?
8
Suppose -q = -933 - 5. Suppose 3*f - q = -293. What is the tens digit of f?
1
What is the hundreds digit of (-27)/(-81)*(6 - 0) - -812?
8
Suppose -2*o - 2*o = p - 1036, o - 5*p = 280. Suppose 2*q - 6 = -0*q, -2*q - o = -r. What is the tens digit of r?
6
Let u(c) = 4*c**3 + 2*c**2 + 11*c + 1. What is the hundreds digit of u(4)?
3
Let o = -73 + 49. What is the tens digit of (-80)/(-6) + 32/o?
1
Suppose 0 = -11*h + 5*h. Suppose 0 = 2*x - o - 84, -o = x - h*o - 36. What is the tens digit of x?
4
Suppose -5*j - 2*c - 335 = 0, 3*j = 4*j - c + 60. Let a be ((-78)/j)/(2/20). What is the units digit of (-2)/a*2*-57?
9
What is the units digit of ((-4)/(-15))/(-2) + 35378/285?
4
Let r be 2 + (4 - (-1 - 0)). Suppose 2*l - r = 5*d, -2*l + 16 = 6*d - 2*d. Suppose -l = 2*g - 5*g. What is the units digit of g?
2
Suppose -q + 0*q - 4 = 4*b, -30 = 4*q + 2*b. Let i be -1 + -2 + 1 - q. What is the units digit of ((-28)/21)/((-2)/i)?
4
Let z = -1457 - -3218. What is the units digit of z?
1
Suppose 2717 + 1999 = 6*g. What is the hundreds digit of g?
7
Suppose 8*n = 3164 - 12. What is the hundreds digit of n?
3
Let d be (-4)/10 + (-40)/(-100). Suppose z - 10 = -z, d = -3*r + 2*z - 7. What is the units digit of r?
1
Let m = -75 + 66. What is the tens digit of m*(-2 - -6 - (-266)/(-21))?
7
Suppose -31*t - 3*d = -36*t + 20277, -4*d = 3*t - 12172. What is the thousands digit of t?
4
Let c be (3 + -4 - 2)*(-142)/1. What is the units digit of (c/(-15))/((-3)/15)?
2
Let c(n) = -n**2 - 5*n + 12. Let s be c(-7). What is the hundreds digit of (s + 2 - -124) + -3?
1
What is the hundreds digit of (-20)/(-150) - 31558/(-15)?
1
Let u = 15 - 9. Suppose -351 = -u*h + 99. What is the tens digit of h?
7
Let g = -11 + 15. Suppose g*x = 5*x - 21. Let j = x + -2. What is the units digit of j?
9
Let r = -47 + 112. Suppose -j = -r + 17. Let x = j + -31. What is the units digit of x?
7
Suppose -28*d + 20652 - 6960 = 0. What is the units digit of d?
9
Let v(f) = f**2 + 12*f + 21. Let m be v(-10). Let b(k) = 62*k + 2. What is the tens digit of b(m)?
6
Let n(w) = 2*w**3 - 11*w**2 + 40*w + 9. What is the tens digit of n(8)?
4
Let o(k) = -11*k**2 + 5*k - 1. Let v(j) = -34*j**2 + 16*j - 3. Let z(y) = -7*o(y) + 2*v(y). What is the tens digit of z(3)?
7
What is the tens digit of 1 + (814 - (4/1)/(-1))?
1
Let x be (-7 - (2 + -5))*-2. Let z(d) = x*d**2 + d**3 - 5 + 10 - 3*d + 3 + 9*d. What is the tens digit of z(-7)?
1
What is the units digit of (4/12)/((-5)/(-645))?
3
Let o(l) = 20*l**2 + 5*l + 39. What is the units digit of o(12)?
9
Let f(a) = -a**3 + 6*a + 6. Let k be f(-6). Suppose 5*l = 7*l - k. Let b = l + -36. What is the units digit of b?
7
Let x be (-4)/(-3)*144/32. What is the units digit of (-2)/(-6) - (-1852)/x?
9
Let n = 187 + 26. What is the tens digit of n?
1
Suppose -5*h + 13664 = -k, 4*h - 12*k - 10944 = -8*k. What is the units digit of h?
2
Let k(n) = 115*n**2 + 34*n + 89. What is the hundreds digit of k(-4)?
7
Let i(l) = -2*l**3 - 3*l**2 - l - 1. Let w be i(-2). Let m = w - 2. Let d = m - -7. What is the units digit of d?
0
Suppose 36 = 3*u - 33. Suppose 3*h = 7*h - 5*c - 16, 3*c = 4*h - 16. Suppose 0 = -h*f + 9 + u. What is the units digit of f?
8
Suppose -5*c + 3*d = -601, -359 = -3*c + d - 0*d. What is the tens digit of (2/7)/(1/c) - 4?
3
Let q = -114 - -162. Suppose -l + 22 = -3*k, 3*l = -2*l + 5*k + 80. Suppose -r = -q + l. What is the units digit of r?
5
Suppose 5*k - 157 + 37 = 0. What is the units digit of k?
4
Suppose 0 = -5*o - 4*n + 38, -o + 17 - 7 = 2*n. Let u be 6/10*(o + -11). What is the units digit of ((-9)/(-6))/(u/(-8))?
4
Suppose -n + 1 = -2. Let h(p) = -p**3 + 6*p**2 - 2*p + 1. Let a be h(n). Let q = 26 - a. What is the units digit of q?
4
Let o(i) be the second derivative of -i**4/12 + 3*i**3 - 22*i**2 + 9*i. What is the units digit of o(11)?
3
Let u(i) = i**2 - 8*i + 1. Let r be u(8). Suppose q = 75 + r. What is the units digit of q?
6
Let l = 1 - -9. Suppose -l - 5 = 5*j. Let x(t) = -t**2 - 7*t. What is the units digit of x(j)?
2
Let y(j) = 17*j**2 + 6*j - 4. Let h be y(1). Let o = h - -313. What is the units digit of o?
2
Let r(i) = 13*i**2 - 3*i - 4. Suppose -b + 5*b + 8 = 0. What is the tens digit of r(b)?
5
Let p(g) = -17*g - 14. Let l be p(4). Let c = l - -202. What is the units digit of c?
0
Let h(n) = -51 + 22 - 79*n + 16. Wha